{"id":20,"date":"2018-05-23T15:39:47","date_gmt":"2018-05-23T15:39:47","guid":{"rendered":"http:\/\/dvgtest.das-verordnete-geschlecht.de\/?page_id=20"},"modified":"2018-05-30T12:35:02","modified_gmt":"2018-05-30T12:35:02","slug":"filmbilder","status":"publish","type":"page","link":"https:\/\/www.das-verordnete-geschlecht.de\/?page_id=20","title":{"rendered":"Filmbilder"},"content":{"rendered":"<p><img loading=\"lazy\" decoding=\"async\" class=\"alignnone size-full wp-image-39\" src=\"http:\/\/www.das-verordnete-geschlecht.de\/wp-content\/uploads\/2018\/05\/Gebirgen2002.jpg\" alt=\"\" width=\"720\" height=\"576\" srcset=\"https:\/\/www.das-verordnete-geschlecht.de\/wp-content\/uploads\/2018\/05\/Gebirgen2002.jpg 720w, https:\/\/www.das-verordnete-geschlecht.de\/wp-content\/uploads\/2018\/05\/Gebirgen2002-300x240.jpg 300w, https:\/\/www.das-verordnete-geschlecht.de\/wp-content\/uploads\/2018\/05\/Gebirgen2002-700x560.jpg 700w\" sizes=\"(max-width: 720px) 100vw, 720px\" \/><span class=\"s1\">Michel Reiter im Gebirge: &#8222;Hier gibt es kein Geschlecht.&#8220;<\/span><\/p>\n<p><img loading=\"lazy\" decoding=\"async\" class=\"alignnone size-full wp-image-46\" src=\"http:\/\/www.das-verordnete-geschlecht.de\/wp-content\/uploads\/2018\/05\/Feuerperformanceweb.jpg\" alt=\"\" width=\"720\" height=\"576\" srcset=\"https:\/\/www.das-verordnete-geschlecht.de\/wp-content\/uploads\/2018\/05\/Feuerperformanceweb.jpg 720w, https:\/\/www.das-verordnete-geschlecht.de\/wp-content\/uploads\/2018\/05\/Feuerperformanceweb-300x240.jpg 300w, https:\/\/www.das-verordnete-geschlecht.de\/wp-content\/uploads\/2018\/05\/Feuerperformanceweb-700x560.jpg 700w\" sizes=\"(max-width: 720px) 100vw, 720px\" \/><span class=\"s1\">Michel Reiter liest aus seinen Krankenakten vor, die er am Ende der Dreharbeiten\u00a0<\/span>verbrennt.<\/p>\n<p><img loading=\"lazy\" decoding=\"async\" class=\"alignnone size-full wp-image-45\" src=\"http:\/\/www.das-verordnete-geschlecht.de\/wp-content\/uploads\/2018\/05\/Elisabethweb.jpg\" alt=\"\" width=\"720\" height=\"576\" srcset=\"https:\/\/www.das-verordnete-geschlecht.de\/wp-content\/uploads\/2018\/05\/Elisabethweb.jpg 720w, https:\/\/www.das-verordnete-geschlecht.de\/wp-content\/uploads\/2018\/05\/Elisabethweb-300x240.jpg 300w, https:\/\/www.das-verordnete-geschlecht.de\/wp-content\/uploads\/2018\/05\/Elisabethweb-700x560.jpg 700w\" sizes=\"(max-width: 720px) 100vw, 720px\" \/>Elisabeth M\u00fcller ist eine sogenannte xy-Frau. Sie arbeitet als Kantorin und Organistin in einer Hamburger Kirchengemeinde und hasst es, wenn die Pastoren die Trauung mit den Worten beginnen: &#8222;Und Gott schuf den Menschen als Mann und als Frau&#8230;.&#8220;<\/p>\n<p><img loading=\"lazy\" decoding=\"async\" class=\"alignnone size-full wp-image-47\" src=\"http:\/\/www.das-verordnete-geschlecht.de\/wp-content\/uploads\/2018\/05\/Gesang-2web.jpg\" alt=\"\" width=\"720\" height=\"576\" srcset=\"https:\/\/www.das-verordnete-geschlecht.de\/wp-content\/uploads\/2018\/05\/Gesang-2web.jpg 720w, https:\/\/www.das-verordnete-geschlecht.de\/wp-content\/uploads\/2018\/05\/Gesang-2web-300x240.jpg 300w, https:\/\/www.das-verordnete-geschlecht.de\/wp-content\/uploads\/2018\/05\/Gesang-2web-700x560.jpg 700w\" sizes=\"(max-width: 720px) 100vw, 720px\" \/>F\u00fcr die Entwicklung ihres K\u00f6rpergef\u00fchls ist die Ausbildung zum dramatischen Sopran sehr wichtig: &#8222;Mein K\u00f6rper gibt mir meine Stimme, meine Ausdrucks-M\u00f6glichkeit.&#8220;<\/p>\n<p><img loading=\"lazy\" decoding=\"async\" class=\"alignnone size-full wp-image-50\" src=\"http:\/\/www.das-verordnete-geschlecht.de\/wp-content\/uploads\/2018\/05\/Schwarzweb.jpg\" alt=\"\" width=\"720\" height=\"576\" srcset=\"https:\/\/www.das-verordnete-geschlecht.de\/wp-content\/uploads\/2018\/05\/Schwarzweb.jpg 720w, https:\/\/www.das-verordnete-geschlecht.de\/wp-content\/uploads\/2018\/05\/Schwarzweb-300x240.jpg 300w, https:\/\/www.das-verordnete-geschlecht.de\/wp-content\/uploads\/2018\/05\/Schwarzweb-700x560.jpg 700w\" sizes=\"(max-width: 720px) 100vw, 720px\" \/>Prof. Schwarz erl\u00e4utert, warum er die medizinische Behandlung von Zwittern f\u00fcr n\u00f6tig h\u00e4lt.<\/p>\n<p><img loading=\"lazy\" decoding=\"async\" class=\"alignnone size-full wp-image-42\" src=\"http:\/\/www.das-verordnete-geschlecht.de\/wp-content\/uploads\/2018\/05\/Chirurg.jpg\" alt=\"\" width=\"720\" height=\"576\" srcset=\"https:\/\/www.das-verordnete-geschlecht.de\/wp-content\/uploads\/2018\/05\/Chirurg.jpg 720w, https:\/\/www.das-verordnete-geschlecht.de\/wp-content\/uploads\/2018\/05\/Chirurg-300x240.jpg 300w, https:\/\/www.das-verordnete-geschlecht.de\/wp-content\/uploads\/2018\/05\/Chirurg-700x560.jpg 700w\" sizes=\"(max-width: 720px) 100vw, 720px\" \/><span class=\"s1\">Prof. Waldschmidt beschreibt,\u00a0<\/span><span class=\"s1\">wie er die Genitalien operiert, um\u00a0<\/span>Kindern ein bestimmtes Geschlecht zuzuweisen.<\/p>\n<p><img loading=\"lazy\" decoding=\"async\" class=\"alignnone size-full wp-image-48\" src=\"http:\/\/www.das-verordnete-geschlecht.de\/wp-content\/uploads\/2018\/05\/Kongressweb.jpg\" alt=\"\" width=\"720\" height=\"576\" srcset=\"https:\/\/www.das-verordnete-geschlecht.de\/wp-content\/uploads\/2018\/05\/Kongressweb.jpg 720w, https:\/\/www.das-verordnete-geschlecht.de\/wp-content\/uploads\/2018\/05\/Kongressweb-300x240.jpg 300w, https:\/\/www.das-verordnete-geschlecht.de\/wp-content\/uploads\/2018\/05\/Kongressweb-700x560.jpg 700w\" sizes=\"(max-width: 720px) 100vw, 720px\" \/>Vortrag einer franz\u00f6sischen Chirurgin auf einem Kongress \u00fcber geschlechtszuweisende Operationen am Genital eines Zwitters.<\/p>\n<p><img loading=\"lazy\" decoding=\"async\" class=\"alignnone size-full wp-image-44\" src=\"http:\/\/www.das-verordnete-geschlecht.de\/wp-content\/uploads\/2018\/05\/Demoweb.jpg\" alt=\"\" width=\"720\" height=\"576\" srcset=\"https:\/\/www.das-verordnete-geschlecht.de\/wp-content\/uploads\/2018\/05\/Demoweb.jpg 720w, https:\/\/www.das-verordnete-geschlecht.de\/wp-content\/uploads\/2018\/05\/Demoweb-300x240.jpg 300w, https:\/\/www.das-verordnete-geschlecht.de\/wp-content\/uploads\/2018\/05\/Demoweb-700x560.jpg 700w\" sizes=\"(max-width: 720px) 100vw, 720px\" \/><span class=\"s1\">Demonstration in Berlin gegen einen MedizinerInnenkongre\u00df auf dem\u00a0<\/span>die Behandlung von Zwittern diskutiert wird, ohne dass die Kritik der Zwitter an diesen Behandlungen geh\u00f6rt wird.<\/p>\n","protected":false},"excerpt":{"rendered":"<p>Michel Reiter im Gebirge: &#8222;Hier gibt es kein Geschlecht.&#8220; Michel Reiter liest aus seinen Krankenakten vor, die er am Ende der Dreharbeiten\u00a0verbrennt. Elisabeth M\u00fcller ist eine sogenannte xy-Frau. Sie arbeitet als Kantorin und Organistin in einer Hamburger Kirchengemeinde und hasst es, wenn die Pastoren die Trauung mit den Worten beginnen: &#8222;Und Gott schuf den Menschen&#8230;<\/p>\n","protected":false},"author":1,"featured_media":0,"parent":0,"menu_order":0,"comment_status":"closed","ping_status":"closed","template":"","meta":{"footnotes":""},"_links":{"self":[{"href":"https:\/\/www.das-verordnete-geschlecht.de\/index.php?rest_route=\/wp\/v2\/pages\/20"}],"collection":[{"href":"https:\/\/www.das-verordnete-geschlecht.de\/index.php?rest_route=\/wp\/v2\/pages"}],"about":[{"href":"https:\/\/www.das-verordnete-geschlecht.de\/index.php?rest_route=\/wp\/v2\/types\/page"}],"author":[{"embeddable":true,"href":"https:\/\/www.das-verordnete-geschlecht.de\/index.php?rest_route=\/wp\/v2\/users\/1"}],"replies":[{"embeddable":true,"href":"https:\/\/www.das-verordnete-geschlecht.de\/index.php?rest_route=%2Fwp%2Fv2%2Fcomments&post=20"}],"version-history":[{"count":9,"href":"https:\/\/www.das-verordnete-geschlecht.de\/index.php?rest_route=\/wp\/v2\/pages\/20\/revisions"}],"predecessor-version":[{"id":119,"href":"https:\/\/www.das-verordnete-geschlecht.de\/index.php?rest_route=\/wp\/v2\/pages\/20\/revisions\/119"}],"wp:attachment":[{"href":"https:\/\/www.das-verordnete-geschlecht.de\/index.php?rest_route=%2Fwp%2Fv2%2Fmedia&parent=20"}],"curies":[{"name":"wp","href":"https:\/\/api.w.org\/{rel}","templated":true}]}}

<p><img loading="lazy" decoding="async" class="alignnone size-full wp-image-39" src="http://www.das-verordnete-geschlecht.de/wp-content/uploads/2018/05/Gebirgen2002.jpg" alt="" width="720" height="576" srcset="https://www.das-verordnete-geschlecht.de/wp-content/uploads/2018/05/Gebirgen2002.jpg 720w, https://www.das-verordnete-geschlecht.de/wp-content/uploads/2018/05/Gebirgen2002-300x240.jpg 300w, https://www.das-verordnete-geschlecht.de/wp-content/uploads/2018/05/Gebirgen2002-700x560.jpg 700w" sizes="(max-width: 720px) 100vw, 720px" /><span class="s1">Michel Reiter im Gebirge: &#8222;Hier gibt es kein Geschlecht.&#8220;</span></p>
<p><img loading="lazy" decoding="async" class="alignnone size-full wp-image-46" src="http://www.das-verordnete-geschlecht.de/wp-content/uploads/2018/05/Feuerperformanceweb.jpg" alt="" width="720" height="576" srcset="https://www.das-verordnete-geschlecht.de/wp-content/uploads/2018/05/Feuerperformanceweb.jpg 720w, https://www.das-verordnete-geschlecht.de/wp-content/uploads/2018/05/Feuerperformanceweb-300x240.jpg 300w, https://www.das-verordnete-geschlecht.de/wp-content/uploads/2018/05/Feuerperformanceweb-700x560.jpg 700w" sizes="(max-width: 720px) 100vw, 720px" /><span class="s1">Michel Reiter liest aus seinen Krankenakten vor, die er am Ende der Dreharbeiten </span>verbrennt.</p>
<p><img loading="lazy" decoding="async" class="alignnone size-full wp-image-45" src="http://www.das-verordnete-geschlecht.de/wp-content/uploads/2018/05/Elisabethweb.jpg" alt="" width="720" height="576" srcset="https://www.das-verordnete-geschlecht.de/wp-content/uploads/2018/05/Elisabethweb.jpg 720w, https://www.das-verordnete-geschlecht.de/wp-content/uploads/2018/05/Elisabethweb-300x240.jpg 300w, https://www.das-verordnete-geschlecht.de/wp-content/uploads/2018/05/Elisabethweb-700x560.jpg 700w" sizes="(max-width: 720px) 100vw, 720px" />Elisabeth Müller ist eine sogenannte xy-Frau. Sie arbeitet als Kantorin und Organistin in einer Hamburger Kirchengemeinde und hasst es, wenn die Pastoren die Trauung mit den Worten beginnen: &#8222;Und Gott schuf den Menschen als Mann und als Frau&#8230;.&#8220;</p>
<p><img loading="lazy" decoding="async" class="alignnone size-full wp-image-47" src="http://www.das-verordnete-geschlecht.de/wp-content/uploads/2018/05/Gesang-2web.jpg" alt="" width="720" height="576" srcset="https://www.das-verordnete-geschlecht.de/wp-content/uploads/2018/05/Gesang-2web.jpg 720w, https://www.das-verordnete-geschlecht.de/wp-content/uploads/2018/05/Gesang-2web-300x240.jpg 300w, https://www.das-verordnete-geschlecht.de/wp-content/uploads/2018/05/Gesang-2web-700x560.jpg 700w" sizes="(max-width: 720px) 100vw, 720px" />Für die Entwicklung ihres Körpergefühls ist die Ausbildung zum dramatischen Sopran sehr wichtig: &#8222;Mein Körper gibt mir meine Stimme, meine Ausdrucks-Möglichkeit.&#8220;</p>
<p><img loading="lazy" decoding="async" class="alignnone size-full wp-image-50" src="http://www.das-verordnete-geschlecht.de/wp-content/uploads/2018/05/Schwarzweb.jpg" alt="" width="720" height="576" srcset="https://www.das-verordnete-geschlecht.de/wp-content/uploads/2018/05/Schwarzweb.jpg 720w, https://www.das-verordnete-geschlecht.de/wp-content/uploads/2018/05/Schwarzweb-300x240.jpg 300w, https://www.das-verordnete-geschlecht.de/wp-content/uploads/2018/05/Schwarzweb-700x560.jpg 700w" sizes="(max-width: 720px) 100vw, 720px" />Prof. Schwarz erläutert, warum er die medizinische Behandlung von Zwittern für nötig hält.</p>
<p><img loading="lazy" decoding="async" class="alignnone size-full wp-image-42" src="http://www.das-verordnete-geschlecht.de/wp-content/uploads/2018/05/Chirurg.jpg" alt="" width="720" height="576" srcset="https://www.das-verordnete-geschlecht.de/wp-content/uploads/2018/05/Chirurg.jpg 720w, https://www.das-verordnete-geschlecht.de/wp-content/uploads/2018/05/Chirurg-300x240.jpg 300w, https://www.das-verordnete-geschlecht.de/wp-content/uploads/2018/05/Chirurg-700x560.jpg 700w" sizes="(max-width: 720px) 100vw, 720px" /><span class="s1">Prof. Waldschmidt beschreibt, </span><span class="s1">wie er die Genitalien operiert, um </span>Kindern ein bestimmtes Geschlecht zuzuweisen.</p>
<p><img loading="lazy" decoding="async" class="alignnone size-full wp-image-48" src="http://www.das-verordnete-geschlecht.de/wp-content/uploads/2018/05/Kongressweb.jpg" alt="" width="720" height="576" srcset="https://www.das-verordnete-geschlecht.de/wp-content/uploads/2018/05/Kongressweb.jpg 720w, https://www.das-verordnete-geschlecht.de/wp-content/uploads/2018/05/Kongressweb-300x240.jpg 300w, https://www.das-verordnete-geschlecht.de/wp-content/uploads/2018/05/Kongressweb-700x560.jpg 700w" sizes="(max-width: 720px) 100vw, 720px" />Vortrag einer französischen Chirurgin auf einem Kongress über geschlechtszuweisende Operationen am Genital eines Zwitters.</p>
<p><img loading="lazy" decoding="async" class="alignnone size-full wp-image-44" src="http://www.das-verordnete-geschlecht.de/wp-content/uploads/2018/05/Demoweb.jpg" alt="" width="720" height="576" srcset="https://www.das-verordnete-geschlecht.de/wp-content/uploads/2018/05/Demoweb.jpg 720w, https://www.das-verordnete-geschlecht.de/wp-content/uploads/2018/05/Demoweb-300x240.jpg 300w, https://www.das-verordnete-geschlecht.de/wp-content/uploads/2018/05/Demoweb-700x560.jpg 700w" sizes="(max-width: 720px) 100vw, 720px" /><span class="s1">Demonstration in Berlin gegen einen MedizinerInnenkongreß auf dem </span>die Behandlung von Zwittern diskutiert wird, ohne dass die Kritik der Zwitter an diesen Behandlungen gehört wird.</p>

<p>Michel Reiter im Gebirge: &#8222;Hier gibt es kein Geschlecht.&#8220; Michel Reiter liest aus seinen Krankenakten vor, die er am Ende der Dreharbeiten verbrennt. Elisabeth Müller ist eine sogenannte xy-Frau. Sie arbeitet als Kantorin und Organistin in einer Hamburger Kirchengemeinde und hasst es, wenn die Pastoren die Trauung mit den Worten beginnen: &#8222;Und Gott schuf den Menschen&#8230;</p>
